
Is 5741530703 prime?
False
Is 465794887 a prime number?
False
Is 17136851 composite?
False
Is 16670071933 a prime number?
False
Is 12637038937 a prime number?
False
Is 633227627 a composite number?
False
Is 1657402429 composite?
True
Is 2547030985 a composite number?
True
Is 25186940302 composite?
True
Is 29650168903 a prime number?
False
Is 119395380193 a composite number?
True
Is 465828859 a composite number?
False
Is 175296548981 a prime number?
False
Is 1090032407 prime?
True
Is 146609347 a prime number?
True
Is 290653081 a prime number?
True
Is 402395630446 a prime number?
False
Is 11051725445 composite?
True
Is 4372484849 a composite number?
False
Is 18846902143 a prime number?
True
Is 7730235287 a prime number?
False
Is 7359681253 a composite number?
False
Is 24242079529 a prime number?
False
Is 629832417 a prime number?
False
Is 3371614291 prime?
True
Is 17190798247 a prime number?
False
Is 31522052761 composite?
False
Is 541306813 a prime number?
True
Is 730238933 composite?
True
Is 14631734813 prime?
True
Is 4793849989 a composite number?
True
Is 1667999771 a prime number?
True
Is 702345221 composite?
True
Is 3263355461 a prime number?
False
Is 18635975719 a composite number?
True
Is 13434060179 prime?
False
Is 9170174809 a composite number?
True
Is 21173543407 a prime number?
False
Is 730725661 prime?
True
Is 2091532441 prime?
True
Is 297247309 a composite number?
True
Is 1139445809 prime?
False
Is 1324963433 a prime number?
True
Is 9164466961 prime?
False
Is 340829521 prime?
True
Is 5750705819 a prime number?
False
Is 4313987239 composite?
True
Is 35696522417 a prime number?
True
Is 260936581 prime?
False
Is 684278513 prime?
False
Is 199143547 composite?
False
Is 834908237 a prime number?
True
Is 2759799121 prime?
True
Is 2204380259 prime?
False
Is 1486773685 composite?
True
Is 1597287337 a prime number?
True
Is 10755946321 composite?
False
Is 1598660009 prime?
True
Is 912235799 a composite number?
False
Is 1925573063 prime?
False
Is 121317247 composite?
True
Is 25806679 prime?
True
Is 78450097877 a prime number?
True
Is 283255087 prime?
False
Is 902395927 a prime number?
True
Is 3172792429 a prime number?
True
Is 1271317699 composite?
False
Is 5983160527 a composite number?
True
Is 172498563223 prime?
False
Is 30155182303 prime?
True
Is 1513284043 prime?
False
Is 1211865527 a composite number?
True
Is 40686393563 a composite number?
True
Is 781816097 a composite number?
False
Is 2847341267 a prime number?
True
Is 2532322519 a composite number?
False
Is 13927343531 composite?
False
Is 376220155 a prime number?
False
Is 2722281989 composite?
True
Is 168534074 a prime number?
False
Is 2978219458 a prime number?
False
Is 2312276903 a composite number?
True
Is 6844189007 prime?
True
Is 14704749767 a prime number?
False
Is 4573449521 a prime number?
True
Is 18951802165 a composite number?
True
Is 490868641 a composite number?
True
Is 397899821 a composite number?
True
Is 10733504851 a composite number?
True
Is 15186877799 a prime number?
True
Is 294966899 prime?
True
Is 7896552239 a prime number?
True
Is 4079294411 prime?
True
Is 91016928361 composite?
False
Is 23641669577 prime?
True
Is 56242770581 a composite number?
True
Is 147189861019 prime?
True
Is 101467109 prime?
True
Is 509490767 a prime number?
True
Is 264597521 a prime number?
True
Is 283100897951 prime?
True
Is 63257260001 a prime number?
False
Is 379828837 prime?
True
Is 1593763273 a composite number?
False
Is 483254197 a prime number?
True
Is 20980858999 composite?
True
Is 7391545199 prime?
True
Is 3293229139 composite?
True
Is 32351289557 a composite number?
False
Is 57322228415 a prime number?
False
Is 30142303633 prime?
False
Is 913377973 a prime number?
True
Is 1156732679 prime?
True
Is 17576243 composite?
True
Is 1671779203 a composite number?
False
Is 8866357481 prime?
False
Is 1038703931 a prime number?
True
Is 6323720737 prime?
True
Is 4791535753 prime?
False
Is 150022704737 a prime number?
True
Is 680767421 a prime number?
True
Is 1911409 a prime number?
False
Is 97427133611 composite?
True
Is 2956968319 prime?
True
Is 137431067 a prime number?
False
Is 3981417431 composite?
True
Is 37079445635 composite?
True
Is 80174318467 a composite number?
False
Is 69660971 a prime number?
False
Is 167156237 a prime number?
True
Is 3962962111 a composite number?
True
Is 3197515171 prime?
True
Is 59215046439 a prime number?
False
Is 5473581661 a composite number?
True
Is 1034475545 prime?
False
Is 74728543 composite?
True
Is 483813961 prime?
False
Is 1336794433 composite?
True
Is 774789839 a prime number?
False
Is 1587588059 a prime number?
True
Is 4607401549 composite?
False
Is 4336313227 prime?
True
Is 95219569421 prime?
False
Is 6297328043 a composite number?
False
Is 2688793901 composite?
False
Is 5680230197 a composite number?
False
Is 10548069719 a prime number?
False
Is 429421609 composite?
False
Is 114900055 a composite number?
True
Is 4111049587 a composite number?
True
Is 4875071701 a prime number?
True
Is 16253526571 a composite number?
True
Is 189184092989 a prime number?
False
Is 19484727491 composite?
False
Is 13290451831 composite?
True
Is 2233295621 composite?
True
Is 10583206863 prime?
False
Is 139596636119 a composite number?
False
Is 80478447943 a composite number?
False
Is 24900919 a composite number?
False
Is 139433660947 prime?
False
Is 26265396371 a prime number?
True
Is 16220763677 a composite number?
False
Is 31438843 a prime number?
True
Is 30422616299 a prime number?
True
Is 112062538183 composite?
False
Is 14071961 a prime number?
True
Is 261132119 composite?
True
Is 377327843 a composite number?
False
Is 4154365849 a composite number?
False
Is 264999349133 a prime number?
True
Is 95207057069 prime?
False
Is 959149805 a composite number?
True
Is 435998707 a prime number?
True
Is 574169419 prime?
True
Is 3544265899 prime?
False
Is 364672513 a prime number?
True
Is 2148973861 prime?
True
Is 1342662557 a prime number?
True
Is 12499643263 a prime number?
False
Is 1420459387 prime?
True
Is 54910044569 a composite number?
False
Is 34260372397 composite?
False
Is 3575640269 a composite number?
True
Is 1685855546 prime?
False
Is 9807745243 a prime number?
True
Is 876337433 prime?
False
Is 41624878387 a prime number?
False
Is 32150715719 composite?
False
Is 27790997063 a composite number?
False
Is 30084718033 a composite number?
True
Is 7415533435 a composite number?
True
Is 514215397 a composite number?
False
Is 352948777 composite?
True
Is 14871478499 prime?
True
Is 570452167 prime?
True
Is 1726055755 composite?
True
Is 2113391947 prime?
False
Is 18374483669 composite?
True
Is 77657346469 prime?
True
Is 8197048987 composite?
False
Is 74801947 prime?
False
Is 2592198589 composite?
False
Is 1801993363 a prime number?
True
Is 35940917611 a prime number?
True
Is 99954848965 composite?
True
Is 10097845391 a prime number?
False
Is 1818512467 prime?
False
Is 9220493531 prime?
True
Is 196671421 prime?
False
Is 565677727 prime?
True
Is 104989257301 a composite number?
False
Is 52459774667 a composite number?
True
Is 770942017 prime?
True
Is 1889301767 prime?
True
Is 25212384269 composite?
True
Is 28698829 a composite number?
False
Is 866989691 prime?
True
Is 1245664561 a composite number?
True
Is 2783022733 composite?
False
Is 60767675713 a prime number?
True
Is 377366897 prime?
True
Is 5812558211 a composite number?
True
Is 2180429837 composite?
True
Is 6910951477 a composite number?
True
Is 27633217 a prime number?
True
Is 523833539 prime?
True
Is 16872442811 prime?
False
Is 3194138207 a prime number?
False
Is 14294184497 a prime number?
True
Is 457826047 prime?
False
Is 6858272339 composite?
False
Is 6494085041 a composite number?
True
Is 5505519163 prime?
True
Is 5518590002 a composite number?
True
Is 1057406071 a composite number?
True
Is 1609895117 a prime number?
True
Is 59777170861 a prime number?
False
Is 25520788921 a composite number?
False
Is 503244551 prime?
True
Is 7693587917 a prime number?
True
Is 23084122267 prime?
True
Is 1114911199 a composite number?
False
Is 1083458009 prime?
False
Is 32537836151 a composite number?
False
Is 6684480843 composite?
True
Is 720273797 a prime number?
False
Is 10172156707 prime?
True
Is 252937401121 a composit